2 + y. Let b be m(3). List the prime factors of o(b).
23
Suppose -121499 = -143*d + 107301. List the prime factors of d.
2, 5
What are the prime factors of ((-3)/4)/3 - (-5415)/12?
11, 41
Let b = 11 + -12. What are the prime factors of (-2)/(-2)*(153 - 3 - b)?
151
Let y(n) = 2*n + 44. Let q be -11 - ((-2)/(-8) - (-3)/(-12)). List the prime factors of y(q).
2, 11
Suppose 4907 + 3253 = 30*l. List the prime factors of l.
2, 17
Suppose 184*i = 199*i - 87240. List the prime factors of i.
2, 727
Suppose 1017 = 23*o - 22*o. Suppose -h = -5*f + 1323 - 49, 4*f = 3*h + o. What are the prime factors of f?
3, 5, 17
Let p = -11 + 13. Let m(t) = -t - 7. Let f(s) = -6*s - 48. Let n(d) = p*f(d) - 15*m(d). What are the prime factors of n(8)?
3, 11
Let u(l) = l**3 - 2*l**2 + l - 2. Let d be u(3). Let j be 0 + -4 - (-15 + d). What are the prime factors of 19 + 4 + j - -1?
5
Let v be (-1)/(((-2)/498*3)/7). Let g = v + -383. What are the prime factors of g?
2, 3, 11
Suppose 4*k + 3*q = -3, -2*k - 2*k - 4*q - 8 = 0. Suppose -5*w + 3*d + 575 = -0*w, -k*w - 3*d = -369. List the prime factors of w.
2, 59
Let c(h) = -h**3 - 40*h**2 + 55*h + 330. List the prime factors of c(-42).
2, 3, 43
Let d(t) be the first derivative of 5*t**2/2 + 32*t - 11. List the prime factors of d(4).
2, 13
Suppose -4*x + 1260 = 2*g, 0 = 5*x - 2*x - g - 945. What are the prime factors of x?
3, 5, 7
Suppose -11*r + 9 + 13 = 0. Suppose 2*u - 10 = -4*z + 16, 0 = -r*u + z + 41. What are the prime factors of u?
19
Let v = -63 - -57. Let k(f) = -f**3 - 4*f**2 - 8*f + 5. List the prime factors of k(v).
5
Suppose 0 = i - 5*r - 1892, 3*i + 0*r = 3*r + 5676. What are the prime factors of i?
2, 11, 43
Suppose 2*g = 4*k + 1260, 1320 = 3*g - k - 550. List the prime factors of g.
2, 311
Let h = -716 + 1236. List the prime factors of h.
2, 5, 13
Let p = 1762 - 500. List the prime factors of p.
2, 631
Let h(v) = 2*v**2 - 22*v - 16. Let j be h(-10). Suppose 5*x = x + j. What are the prime factors of x?
101
Let s(n) = -14*n - 5. Let i be s(-5). Suppose -5*b - 5*z + i = 0, -b + 6*z = 2*z + 7. Suppose 3*k - b + 0 = 0. List the prime factors of k.
3
Let u be 9 + -2 - (0 + 0). Let i be (-10)/6 - -2 - (-2245)/15. Suppose -4*t = 2*v - 170, -3*t - 2*v = -u*t + i. List the prime factors of t.
2, 5
Suppose -27252 = 21*g - 88068. List the prime factors of g.
2, 181
Suppose -y + 25 = 3*f, 3*y + 3*f - f - 89 = 0. Let r = 14 + -33. Let u = r + y. List the prime factors of u.
2, 3
Let o be (-12)/16 - (-195)/20. What are the prime factors of ((-39)/o)/((-3)/54) + -1?
7, 11
Let w = -42 + 47. Suppose -207 - 148 = -w*a. List the prime factors of a.
71
Let w = -337 - -182. Let u = w - -316. List the prime factors of u.
7, 23
Suppose -5*i = -3*r - 97, -2*i - 3*r = 3*i - 73. Let j(u) = u**2 - 8*u + 30. List the prime factors of j(i).
3, 61
Let r be 94/18 - (-2)/(-9). Let h = -115 - -127. Suppose 2*q = -2*q + h, -r*t + 100 = 5*q. List the prime factors of t.
17
Let v(d) = 306*d - 287. What are the prime factors of v(6)?
1549
Let g(j) = j**3 + 14*j**2 + 27*j. Let c = 22 - 33. List the prime factors of g(c).
2, 3, 11
Let z(s) = 5*s**2 + 1 + s**3 + 3*s - 11*s + 4*s. List the prime factors of z(-5).
3, 7
Let x(c) = -c**2 + 9*c + 9. Let k be x(9). Suppose 0 = -5*t + k*t - 20. What are the prime factors of t?
5
Suppose 0 = -5*s - 5*u + 100 - 30, 0 = -4*s + u + 31. Suppose s*d - 90 = 4*d. Let h = 20 - d. List the prime factors of h.
2
Let j = 14 + -14. Let l be 4/(j + 4) - 1. Suppose -2*f - 3*f + 110 = l. What are the prime factors of f?
2, 11
Suppose -4*z + 7*z - 785 = -u, -5*z - 3845 = -5*u. List the prime factors of u.
773
Let h(c) = c**2 + c - 4. Let w be h(-4). Let x(k) = -w*k + k + 2 + k**3 + 5*k**2 - 4 - 4. List the prime factors of x(-5).
29
Let t(j) = 2*j**2 + 7*j + 9. Let v be t(-4). Let p be 126/(-26) - 2/v. List the prime factors of (-2)/p*1*55.
2, 11
Suppose 8*u - 257 - 271 = 0. List the prime factors of u.
2, 3, 11
What are the prime factors of (-46605)/(-39) + -1*7?
2, 3, 11
Let d = -155 + 161. Let m(k) = -k**3 + 11*k**2 - 6*k + 6. Let g(u) = -u**3 + 10*u**2 - 6*u + 6. Let s(v) = 3*g(v) - 2*m(v). What are the prime factors of s(d)?
2, 3, 7
List the prime factors of ((-30882)/(-8))/(((-741)/(-52))/19).
5147
Suppose 460 = 11*v - v. Let z = v - 34. List the prime factors of z.
2, 3
Let x = -14 + 20. Let u = x - -6. Suppose u = 2*d - 62. List the prime factors of d.
37
Suppose 3*l - 229 = 1814. What are the prime factors of l?
3, 227
Let r(t) be the second derivative of -t**5/20 - 5*t**4/6 + t**3 - 5*t**2/2 - 7*t. Let d be r(-11). What are the prime factors of (-5)/(-1)*80/d?
2
Let l(w) be the third derivative of -w**4/6 + 8*w**3/3 - 33*w**2. What are the prime factors of l(-7)?
2, 11
Let f(r) = -13 + 5 + 3 - 4*r - 15. What are the prime factors of f(-8)?
2, 3
Let o = 9 - 5. Suppose 6*g + 8 = 4*g + o*r, -g - 8 = 2*r. List the prime factors of 10 + 2/(g/(-3)).
11
Suppose 3*h - 587 = 181. Suppose 4*z - f - h = 0, -4*z + 0*f + 256 = -4*f. What are the prime factors of z?
2
Let z(i) be the second derivative of 3/20*i**5 - 1/6*i**3 + 5*i + 0*i**2 + 1/12*i**4 + 0. List the prime factors of z(2).
2, 13
Let s(m) = 6*m**2 + 2*m - 52. List the prime factors of s(-12).
2, 197
Suppose 3*j = 5*j, 0 = 3*h - j - 9. Suppose -3*p + 478 = 4*i + 182, 0 = p + h*i - 102. List the prime factors of p.
2, 3
What are the prime factors of 781/6 + ((-5)/30 - 0)?
2, 5, 13
Let l = -38 + 40. Suppose 6 = -l*y + 50. What are the prime factors of y?
2, 11
Suppose -33*i + 16*i + 69326 = 0. What are the prime factors of i?
2, 2039
Let v = 11 - 9. Let q(t) = -t**v - 3*t**3 - t**2 - t**3 - 2*t - 3. List the prime factors of q(-2).
5
Let k(m) = -m**3 - 4*m**2 - m + 1935. List the prime factors of k(0).
3, 5, 43
Let s be 30/(-9)*(-12)/8. Let q be s*4 - (1 - -2). Suppose 0 = 4*b + 4*r - 6*r - 38, 2*r + q = b. List the prime factors of b.
7
Let i be (-4 + 1)/((-33)/44). Suppose i*c + 5*n - 3*n = 644, 4*n = -c + 168. List the prime factors of c.
2, 5
Suppose p = b - 20 - 17, -4*b + 3*p = -146. Let j be ((-12)/(-14))/((-5)/b). List the prime factors of 3/j*-26 - 1.
2, 3
List the prime factors of (4/6)/(-1)*(-4239)/6.
3, 157
Suppose -5*p = -m + 103, 4*p + 2 = 6. Let o = 50 + m. What are the prime factors of o?
2, 79
Let t(k) = 10*k**2 + 20*k + 15. What are the prime factors of t(22)?
3, 5, 353
Let j(y) = 23*y**2 - 4*y - 3. What are the prime factors of j(4)?
349
Let c = 8 - 11. Let j be 1/(-2 + 4 + c). List the prime factors of 4*j + 2 - -30.
2, 7
Let p = -17 - -9. List the prime factors of ((-180)/p - -4)*2.
53
Suppose z - x = 614, -377 - 1469 = -3*z + 5*x. List the prime factors of z.
2, 3, 17
Suppose 6*k = 2*k - 3*d - 3, 0 = -5*d + 15. Let s be ((-1)/k)/(3/(-9)). What are the prime factors of ((-6)/12)/(s/120)?
2, 3, 5
Let o(g) = 16*g**2 - 46*g + 239. What are the prime factors of o(10)?
7, 197
Let t(m) = 15*m**2 + 9*m + 9. What are the prime factors of t(10)?
3, 13, 41
Let m(o) = 4*o**2 - 41*o + 8. List the prime factors of m(14).
2, 109
Let t = -2919 - -4098. List the prime factors of t.
3, 131
Suppose 2*r + 208 = 9*n - 7*n, 0 = n - 5*r - 124. List the prime factors of n.
3, 11
Let d = 12 + -21. Let i be 3/d - (-49)/21. Suppose i*y + 102 = 5*y. List the prime factors of y.
2, 17
Suppose 3*t - 19 = -w, -2*w + 2*t = 3 - 9. Let v(k) = 4*k + 6. What are the prime factors of v(w)?
2, 17
Suppose -3*l - 2 + 11 = 0. Suppose -5*t = -4*x - 118, -t = -l*x - 30 - 53. Let u = -17 - x. List the prime factors of u.
2, 5
Let c = 2585 - 900. List the prime factors of c.
5, 337
Let z(o) = 2096*o**2 + 19*o + 19. What are the prime factors of z(-1)?
2, 131
Suppose 3*h + 23 = 5*y, -h = -3*h - 2. Let c be (-3)/(18/(-3))*y. Suppose -j + 3*f + 41 = -f, f - 73 = -c*j. What are the prime factors of j?
37
Let h(o) = o**3 - 9*o**2 - 10*o + 4. Let m be h(10). Suppose 0 = 3*i - m*i + 124. What are the prime factors of i?
2, 31
Let r(z) = 7*z - 3. Let q be r(3). Let a be 2/(-4) + q/4. Suppose j - a*p = 4*j - 8, p = -j + 3. List the prime factors of j.
2
What are the prime factors of (124/(-6))/(-7 - (-1672)/240)?
2, 5, 31
Suppose 5*a + 0*a + 6*a = 0. Suppose 6*h - 82 - 2 = a. List the prime factors of h.
2, 7
Let g = -293 + 1288. What are the prime factors of g?
5, 199
Let v(q) = q**2 + q + 1.